
{"id":76,"date":"2016-01-16T17:54:02","date_gmt":"2016-01-16T16:54:02","guid":{"rendered":"http:\/\/www.co-box.ch\/?page_id=76"},"modified":"2021-10-10T17:12:48","modified_gmt":"2021-10-10T16:12:48","slug":"mentions-legales","status":"publish","type":"page","link":"https:\/\/www.co-box.ch\/?page_id=76","title":{"rendered":"Mentions l\u00e9gales"},"content":{"rendered":"<p><strong><a href=\"https:\/\/www.co-box.ch\/wp-content\/uploads\/2019\/11\/Conditions_generales_exploitation_CO-BOX_v_-2019_11_20.pdf\"><img loading=\"lazy\" decoding=\"async\" class=\"alignleft wp-image-183 \" src=\"https:\/\/i0.wp.com\/www.co-box.ch\/wp-content\/uploads\/2016\/01\/image-4.jpeg?resize=260%2C125&#038;ssl=1\" alt=\"image\" width=\"260\" height=\"125\" srcset=\"https:\/\/i0.wp.com\/www.co-box.ch\/wp-content\/uploads\/2016\/01\/image-4.jpeg?w=416&amp;ssl=1 416w, https:\/\/i0.wp.com\/www.co-box.ch\/wp-content\/uploads\/2016\/01\/image-4.jpeg?resize=300%2C145&amp;ssl=1 300w\" sizes=\"auto, (max-width: 260px) 100vw, 260px\" data-recalc-dims=\"1\" \/><\/a>CO-BOX SA<\/strong><\/p>\n<p>Rue des Finettes 59\u00a0<\/p>\n<p>CH-1920 Martigny &#8211; Suisse<\/p>\n<p>\u00a0<\/p>\n<p>T\u00e9l +41 79 679 10 84 &#8211; Michel Comte<\/p>\n<p>Email : <a href=\"mailto:contact@co-box.ch\" target=\"_blank\" rel=\"noopener noreferrer\">contact@co-box.ch<\/a><\/p>\n<p>IBAN : CH98 8080 8002 9500 1947 3<\/p>\n<p>Num\u00e9ro d&rsquo;identification de l&rsquo;entreprise : CHE-460.224.634<\/p>\n<p><a href=\"https:\/\/www.co-box.ch\/wp-content\/uploads\/2019\/11\/Conditions_generales_exploitation_CO-BOX_v_-2019_11_20.pdf\">Conditions g\u00e9n\u00e9rales<\/a><\/p>\n<p><a href=\"https:\/\/www.co-box.ch\/?page_id=1259\" target=\"_blank\" rel=\"noopener noreferrer\">Politique de confidentialit\u00e9<\/a><\/p>\n<p>\u00a0<\/p>\n<p>\u00a0<\/p>\n\n\n<p><\/p>\n","protected":false},"excerpt":{"rendered":"<p>CO-BOX SA Rue des Finettes 59\u00a0 CH-1920 Martigny &#8211; Suisse \u00a0 T\u00e9l +41 79 679 10 84 &#8211; Michel Comte Email : contact@co-box.ch IBAN : CH98 8080 8002 9500 1947 3 Num\u00e9ro d&rsquo;identification de l&rsquo;entreprise : CHE-460.224.634 Conditions g\u00e9n\u00e9rales Politique de confidentialit\u00e9 \u00a0 \u00a0<\/p>\n","protected":false},"author":2,"featured_media":0,"parent":0,"menu_order":50,"comment_status":"closed","ping_status":"closed","template":"","meta":{"spay_email":"","footnotes":""},"class_list":["post-76","page","type-page","status-publish","hentry"],"_links":{"self":[{"href":"https:\/\/www.co-box.ch\/index.php?rest_route=\/wp\/v2\/pages\/76","targetHints":{"allow":["GET"]}}],"collection":[{"href":"https:\/\/www.co-box.ch\/index.php?rest_route=\/wp\/v2\/pages"}],"about":[{"href":"https:\/\/www.co-box.ch\/index.php?rest_route=\/wp\/v2\/types\/page"}],"author":[{"embeddable":true,"href":"https:\/\/www.co-box.ch\/index.php?rest_route=\/wp\/v2\/users\/2"}],"replies":[{"embeddable":true,"href":"https:\/\/www.co-box.ch\/index.php?rest_route=%2Fwp%2Fv2%2Fcomments&post=76"}],"version-history":[{"count":29,"href":"https:\/\/www.co-box.ch\/index.php?rest_route=\/wp\/v2\/pages\/76\/revisions"}],"predecessor-version":[{"id":1555,"href":"https:\/\/www.co-box.ch\/index.php?rest_route=\/wp\/v2\/pages\/76\/revisions\/1555"}],"wp:attachment":[{"href":"https:\/\/www.co-box.ch\/index.php?rest_route=%2Fwp%2Fv2%2Fmedia&parent=76"}],"curies":[{"name":"wp","href":"https:\/\/api.w.org\/{rel}","templated":true}]}}